{"id":453,"date":"2021-03-20T12:10:13","date_gmt":"2021-03-20T12:10:13","guid":{"rendered":"https:\/\/neuspalou.com\/?page_id=453"},"modified":"2021-03-20T12:13:59","modified_gmt":"2021-03-20T12:13:59","slug":"qui-som","status":"publish","type":"page","link":"https:\/\/neuspalou.com\/index.php\/ca\/qui-som\/","title":{"rendered":"Qui som?"},"content":{"rendered":"\n<p>Els or\u00edgens de Cal\u00e7ats Neus Palou es remunten a l&#8217;any 1947, quan Felip Palou Rossell\u00f3 va inaugurar la tenda de sabates  al mateix local que estam ara per\u00f2 amb el nom de Cal\u00e7ats Palou. Durant un bon grapat d&#8217;anys, totes les sabates que es venien eren de fabricaci\u00f3 pr\u00f2pia i fetes d&#8217;una manera totalment artesanal. Amb els anys, es varen comen\u00e7ar a vendre sabates d&#8217;altres fabricants per\u00f2 sempre sota el precepte d&#8217;oferir un producte de qualitat a un preu el m\u00e9s ajustat possible.<\/p>\n\n\n\n<p>Durant les d\u00e8cades posteriors, la nostra tenda ha anat evolucionant gr\u00e0cies a les successives reformes que hem anat fent (als anys 1967, 1989, 2001 i 2011) amb la intenci\u00f3 d&#8217;adaptar-nos als nous temps i gustos de la clientela. Tot aix\u00f2 ha fet que Cal\u00e7ats Neus Palou s&#8217;hagi convertit en un referent del cal\u00e7at d&#8217;home a les Illes Balears, essent sin\u00f2nim de qualitat, professionalitat, amabilitat i confian\u00e7a.<\/p>\n\n\n\n<p>I aix\u00ed arribam als nostres dies, quan despr\u00e9s de 3 generacions i un gran equip hum\u00e0 al capdavant, som ara mateix una de les darreres tenda d&#8217;Espanya, la \u00fanica de Mallorca, dedicada exclussivament al cal\u00e7at d&#8217;home i on seguim fent feina amb l&#8217;objectiu d&#8217;oferir sabates de qualitat a preus atractius i amb una atenci\u00f3 professional i amable.<\/p>\n\n\n\n<p>Despr\u00e9s de m\u00e9s de 70 anys d&#8217;hist\u00f2ria, l&#8217;any 2018, l&#8217;Ajuntament de Palma va concedir a la nostra tenda el guard\u00f3 de  <a rel=\"noreferrer noopener\" href=\"https:\/\/web.palmaactiva.com\/empresa\/comercio\/establecimientos-emblematicos\/cataleg-destabliments-emblematics-de-palma\/\" target=\"_blank\">\u00abComer\u00e7 Emblem\u00e0tic\u00bb<\/a> que reconeix aquells comer\u00e7os de Ciutat que per la seva singularitat, persevar\u00e0ncia i traject\u00f2ria imprimeixen a Palma una identiat comercial pr\u00f2pia.<\/p>\n","protected":false},"excerpt":{"rendered":"<p>Els or\u00edgens de Cal\u00e7ats Neus Palou es remunten a l&#8217;any 1947, quan Felip Palou Rossell\u00f3 va inaugurar la tenda de sabates al mateix local que&hellip;<\/p>\n","protected":false},"author":1,"featured_media":0,"parent":0,"menu_order":0,"comment_status":"closed","ping_status":"closed","template":"","meta":[],"_links":{"self":[{"href":"https:\/\/neuspalou.com\/index.php\/wp-json\/wp\/v2\/pages\/453"}],"collection":[{"href":"https:\/\/neuspalou.com\/index.php\/wp-json\/wp\/v2\/pages"}],"about":[{"href":"https:\/\/neuspalou.com\/index.php\/wp-json\/wp\/v2\/types\/page"}],"author":[{"embeddable":true,"href":"https:\/\/neuspalou.com\/index.php\/wp-json\/wp\/v2\/users\/1"}],"replies":[{"embeddable":true,"href":"https:\/\/neuspalou.com\/index.php\/wp-json\/wp\/v2\/comments?post=453"}],"version-history":[{"count":2,"href":"https:\/\/neuspalou.com\/index.php\/wp-json\/wp\/v2\/pages\/453\/revisions"}],"predecessor-version":[{"id":456,"href":"https:\/\/neuspalou.com\/index.php\/wp-json\/wp\/v2\/pages\/453\/revisions\/456"}],"wp:attachment":[{"href":"https:\/\/neuspalou.com\/index.php\/wp-json\/wp\/v2\/media?parent=453"}],"curies":[{"name":"wp","href":"https:\/\/api.w.org\/{rel}","templated":true}]}}

<p>Els orígens de Calçats Neus Palou es remunten a l&#8217;any 1947, quan Felip Palou Rosselló va inaugurar la tenda de sabates  al mateix local que estam ara però amb el nom de Calçats Palou. Durant un bon grapat d&#8217;anys, totes les sabates que es venien eren de fabricació pròpia i fetes d&#8217;una manera totalment artesanal. Amb els anys, es varen començar a vendre sabates d&#8217;altres fabricants però sempre sota el precepte d&#8217;oferir un producte de qualitat a un preu el més ajustat possible.</p>



<p>Durant les dècades posteriors, la nostra tenda ha anat evolucionant gràcies a les successives reformes que hem anat fent (als anys 1967, 1989, 2001 i 2011) amb la intenció d&#8217;adaptar-nos als nous temps i gustos de la clientela. Tot això ha fet que Calçats Neus Palou s&#8217;hagi convertit en un referent del calçat d&#8217;home a les Illes Balears, essent sinònim de qualitat, professionalitat, amabilitat i confiança.</p>



<p>I així arribam als nostres dies, quan després de 3 generacions i un gran equip humà al capdavant, som ara mateix una de les darreres tenda d&#8217;Espanya, la única de Mallorca, dedicada exclussivament al calçat d&#8217;home i on seguim fent feina amb l&#8217;objectiu d&#8217;oferir sabates de qualitat a preus atractius i amb una atenció professional i amable.</p>



<p>Després de més de 70 anys d&#8217;història, l&#8217;any 2018, l&#8217;Ajuntament de Palma va concedir a la nostra tenda el guardó de  <a rel="noreferrer noopener" href="https://web.palmaactiva.com/empresa/comercio/establecimientos-emblematicos/cataleg-destabliments-emblematics-de-palma/" target="_blank">«Comerç Emblemàtic»</a> que reconeix aquells comerços de Ciutat que per la seva singularitat, persevarància i trajectòria imprimeixen a Palma una identiat comercial pròpia.</p>

<p>Els orígens de Calçats Neus Palou es remunten a l&#8217;any 1947, quan Felip Palou Rosselló va inaugurar la tenda de sabates al mateix local que&hellip;</p>
