{"id":299,"date":"2020-08-22T01:13:00","date_gmt":"2020-08-22T01:13:00","guid":{"rendered":"http:\/\/neuspalou.com\/?page_id=299"},"modified":"2020-08-24T13:31:38","modified_gmt":"2020-08-24T13:31:38","slug":"quienes-somos","status":"publish","type":"page","link":"https:\/\/neuspalou.com\/index.php\/quienes-somos\/","title":{"rendered":"\u00bfQui\u00e9nes somos?"},"content":{"rendered":"\n<p>Los or\u00edgenes de Calzados Neus Palou se remontan al a\u00f1o 1947, cuando Felip Palou Rossell\u00f3 inaugur\u00f3 la tienda de zapatos donde hoy en d\u00eda se encuentra Neus Palou, originalmente bajo el nombre de Calzados Palou. Durante sus comienzos, todo el calzado que se comercializaba era de fabricaci\u00f3n propia y producido de manera totalmente artesanal. Con el paso del tiempo se empezaron a vender zapatos de otras f\u00e1bricas pero siempre siguiendo el precepto de ofrecer un producto de m\u00e1xima calidad a un precio ajustado.<\/p>\n\n\n\n<p>Durante las d\u00e9cadas posteriores, nuestro establecimiento ha ido evolucionando gracias a las sucesivas reformas del local (1967, 1989, 2001, 2011) con el fin de adaptarlo a los nuevos tiempos y mejorar tambi\u00e9n la atenci\u00f3n a nuestros clientes. Todo ello ha contribuido a hacer de Neus Palou todo un referente del calzado para hombre en el \u00e1mbito del comercio balear, sin\u00f3nimo de calidad, profesionalidad, amabilidad y confianza.<\/p>\n\n\n\n<p>Y as\u00ed, llegamos a nuestros d\u00edas, donde transcurridas tres generaciones y con un gran equipo humano al frente, somos uno de los pocos comercios de Europa dedicado de manera exclusiva al calzado de caballero y donde seguimos trabajando para ofrecerle zapatos de calidad a precios atractivos.<\/p>\n\n\n\n<p>Tras m\u00e1s de 70 a\u00f1os de historia, en el a\u00f1o 2018, el Ajuntament de Palma concedi\u00f3 a nuestra tienda el galard\u00f3n de <a rel=\"noreferrer noopener\" href=\"https:\/\/web.palmaactiva.com\/empresa\/comercio\/establecimientos-emblematicos\/cataleg-destabliments-emblematics-de-palma\/\" target=\"_blank\">\u00abComer\u00e7 Emblem\u00e0tic\u00bb<\/a> que reconoce a los comercios de Ciutat cuya singularidad, perseverancia y trayectoria imprimen a Palma una identidad comercial propia.<\/p>\n\n\n\n<figure class=\"wp-block-gallery columns-4 is-cropped\"><ul class=\"blocks-gallery-grid\"><li class=\"blocks-gallery-item\"><figure><a href=\"http:\/\/neuspalou.com\/wp-content\/uploads\/2020\/08\/NeusPalou2-1.jpg\"><img loading=\"lazy\" width=\"888\" height=\"1024\" src=\"http:\/\/neuspalou.com\/wp-content\/uploads\/2020\/08\/NeusPalou2-1-888x1024.jpg\" alt=\"\" data-id=\"318\" data-full-url=\"http:\/\/neuspalou.com\/wp-content\/uploads\/2020\/08\/NeusPalou2-1.jpg\" data-link=\"http:\/\/neuspalou.com\/index.php\/quienes-somos\/neuspalou2-1\/\" class=\"wp-image-318\" srcset=\"https:\/\/neuspalou.com\/wp-content\/uploads\/2020\/08\/NeusPalou2-1-888x1024.jpg 888w, https:\/\/neuspalou.com\/wp-content\/uploads\/2020\/08\/NeusPalou2-1-260x300.jpg 260w, https:\/\/neuspalou.com\/wp-content\/uploads\/2020\/08\/NeusPalou2-1-768x886.jpg 768w, https:\/\/neuspalou.com\/wp-content\/uploads\/2020\/08\/NeusPalou2-1.jpg 1138w\" sizes=\"(max-width: 888px) 100vw, 888px\" \/><\/a><\/figure><\/li><li class=\"blocks-gallery-item\"><figure><a href=\"http:\/\/neuspalou.com\/wp-content\/uploads\/2020\/08\/DSC00225-1.jpg\"><img loading=\"lazy\" width=\"1024\" height=\"681\" src=\"http:\/\/neuspalou.com\/wp-content\/uploads\/2020\/08\/DSC00225-1-1024x681.jpg\" alt=\"\" data-id=\"317\" data-full-url=\"http:\/\/neuspalou.com\/wp-content\/uploads\/2020\/08\/DSC00225-1.jpg\" data-link=\"http:\/\/neuspalou.com\/index.php\/quienes-somos\/dsc00225-1\/\" class=\"wp-image-317\" srcset=\"https:\/\/neuspalou.com\/wp-content\/uploads\/2020\/08\/DSC00225-1-1024x681.jpg 1024w, https:\/\/neuspalou.com\/wp-content\/uploads\/2020\/08\/DSC00225-1-300x199.jpg 300w, https:\/\/neuspalou.com\/wp-content\/uploads\/2020\/08\/DSC00225-1-768x511.jpg 768w, https:\/\/neuspalou.com\/wp-content\/uploads\/2020\/08\/DSC00225-1.jpg 1167w\" sizes=\"(max-width: 1024px) 100vw, 1024px\" \/><\/a><\/figure><\/li><li class=\"blocks-gallery-item\"><figure><a href=\"http:\/\/neuspalou.com\/wp-content\/uploads\/2020\/08\/DSC00220-1.jpg\"><img loading=\"lazy\" width=\"1024\" height=\"863\" src=\"http:\/\/neuspalou.com\/wp-content\/uploads\/2020\/08\/DSC00220-1-1024x863.jpg\" alt=\"\" data-id=\"316\" data-full-url=\"http:\/\/neuspalou.com\/wp-content\/uploads\/2020\/08\/DSC00220-1.jpg\" data-link=\"http:\/\/neuspalou.com\/index.php\/quienes-somos\/dsc00220-1\/\" class=\"wp-image-316\" srcset=\"https:\/\/neuspalou.com\/wp-content\/uploads\/2020\/08\/DSC00220-1-1024x863.jpg 1024w, https:\/\/neuspalou.com\/wp-content\/uploads\/2020\/08\/DSC00220-1-300x253.jpg 300w, https:\/\/neuspalou.com\/wp-content\/uploads\/2020\/08\/DSC00220-1-768x647.jpg 768w, https:\/\/neuspalou.com\/wp-content\/uploads\/2020\/08\/DSC00220-1.jpg 1450w\" sizes=\"(max-width: 1024px) 100vw, 1024px\" \/><\/a><\/figure><\/li><li class=\"blocks-gallery-item\"><figure><a href=\"http:\/\/neuspalou.com\/wp-content\/uploads\/2020\/08\/minibanner_emblematics.jpg\"><img loading=\"lazy\" width=\"600\" height=\"600\" src=\"http:\/\/neuspalou.com\/wp-content\/uploads\/2020\/08\/minibanner_emblematics.jpg\" alt=\"Comer\u00e7 Emblem\u00e0tic\" data-id=\"313\" data-full-url=\"http:\/\/neuspalou.com\/wp-content\/uploads\/2020\/08\/minibanner_emblematics.jpg\" data-link=\"http:\/\/neuspalou.com\/minibanner_emblematics\/\" class=\"wp-image-313\" srcset=\"https:\/\/neuspalou.com\/wp-content\/uploads\/2020\/08\/minibanner_emblematics.jpg 600w, https:\/\/neuspalou.com\/wp-content\/uploads\/2020\/08\/minibanner_emblematics-300x300.jpg 300w, https:\/\/neuspalou.com\/wp-content\/uploads\/2020\/08\/minibanner_emblematics-150x150.jpg 150w\" sizes=\"(max-width: 600px) 100vw, 600px\" \/><\/a><\/figure><\/li><\/ul><\/figure>\n","protected":false},"excerpt":{"rendered":"<p>Los or\u00edgenes de Calzados Neus Palou se remontan al a\u00f1o 1947, cuando Felip Palou Rossell\u00f3 inaugur\u00f3 la tienda de zapatos donde hoy en d\u00eda se&hellip;<\/p>\n","protected":false},"author":1,"featured_media":0,"parent":0,"menu_order":0,"comment_status":"closed","ping_status":"closed","template":"","meta":[],"_links":{"self":[{"href":"https:\/\/neuspalou.com\/index.php\/wp-json\/wp\/v2\/pages\/299"}],"collection":[{"href":"https:\/\/neuspalou.com\/index.php\/wp-json\/wp\/v2\/pages"}],"about":[{"href":"https:\/\/neuspalou.com\/index.php\/wp-json\/wp\/v2\/types\/page"}],"author":[{"embeddable":true,"href":"https:\/\/neuspalou.com\/index.php\/wp-json\/wp\/v2\/users\/1"}],"replies":[{"embeddable":true,"href":"https:\/\/neuspalou.com\/index.php\/wp-json\/wp\/v2\/comments?post=299"}],"version-history":[{"count":3,"href":"https:\/\/neuspalou.com\/index.php\/wp-json\/wp\/v2\/pages\/299\/revisions"}],"predecessor-version":[{"id":319,"href":"https:\/\/neuspalou.com\/index.php\/wp-json\/wp\/v2\/pages\/299\/revisions\/319"}],"wp:attachment":[{"href":"https:\/\/neuspalou.com\/index.php\/wp-json\/wp\/v2\/media?parent=299"}],"curies":[{"name":"wp","href":"https:\/\/api.w.org\/{rel}","templated":true}]}}

¿Quiénes somos?

<p>Los orígenes de Calzados Neus Palou se remontan al año 1947, cuando Felip Palou Rosselló inauguró la tienda de zapatos donde hoy en día se encuentra Neus Palou, originalmente bajo el nombre de Calzados Palou. Durante sus comienzos, todo el calzado que se comercializaba era de fabricación propia y producido de manera totalmente artesanal. Con el paso del tiempo se empezaron a vender zapatos de otras fábricas pero siempre siguiendo el precepto de ofrecer un producto de máxima calidad a un precio ajustado.</p>



<p>Durante las décadas posteriores, nuestro establecimiento ha ido evolucionando gracias a las sucesivas reformas del local (1967, 1989, 2001, 2011) con el fin de adaptarlo a los nuevos tiempos y mejorar también la atención a nuestros clientes. Todo ello ha contribuido a hacer de Neus Palou todo un referente del calzado para hombre en el ámbito del comercio balear, sinónimo de calidad, profesionalidad, amabilidad y confianza.</p>



<p>Y así, llegamos a nuestros días, donde transcurridas tres generaciones y con un gran equipo humano al frente, somos uno de los pocos comercios de Europa dedicado de manera exclusiva al calzado de caballero y donde seguimos trabajando para ofrecerle zapatos de calidad a precios atractivos.</p>



<p>Tras más de 70 años de historia, en el año 2018, el Ajuntament de Palma concedió a nuestra tienda el galardón de <a rel="noreferrer noopener" href="https://web.palmaactiva.com/empresa/comercio/establecimientos-emblematicos/cataleg-destabliments-emblematics-de-palma/" target="_blank">«Comerç Emblemàtic»</a> que reconoce a los comercios de Ciutat cuya singularidad, perseverancia y trayectoria imprimen a Palma una identidad comercial propia.</p>



<figure class="wp-block-gallery columns-4 is-cropped"><ul class="blocks-gallery-grid"><li class="blocks-gallery-item"><figure><a href="http://neuspalou.com/wp-content/uploads/2020/08/NeusPalou2-1.jpg"><img loading="lazy" width="888" height="1024" src="http://neuspalou.com/wp-content/uploads/2020/08/NeusPalou2-1-888x1024.jpg" alt="" data-id="318" data-full-url="http://neuspalou.com/wp-content/uploads/2020/08/NeusPalou2-1.jpg" data-link="http://neuspalou.com/index.php/quienes-somos/neuspalou2-1/" class="wp-image-318" srcset="https://neuspalou.com/wp-content/uploads/2020/08/NeusPalou2-1-888x1024.jpg 888w, https://neuspalou.com/wp-content/uploads/2020/08/NeusPalou2-1-260x300.jpg 260w, https://neuspalou.com/wp-content/uploads/2020/08/NeusPalou2-1-768x886.jpg 768w, https://neuspalou.com/wp-content/uploads/2020/08/NeusPalou2-1.jpg 1138w" sizes="(max-width: 888px) 100vw, 888px" /></a></figure></li><li class="blocks-gallery-item"><figure><a href="http://neuspalou.com/wp-content/uploads/2020/08/DSC00225-1.jpg"><img loading="lazy" width="1024" height="681" src="http://neuspalou.com/wp-content/uploads/2020/08/DSC00225-1-1024x681.jpg" alt="" data-id="317" data-full-url="http://neuspalou.com/wp-content/uploads/2020/08/DSC00225-1.jpg" data-link="http://neuspalou.com/index.php/quienes-somos/dsc00225-1/" class="wp-image-317" srcset="https://neuspalou.com/wp-content/uploads/2020/08/DSC00225-1-1024x681.jpg 1024w, https://neuspalou.com/wp-content/uploads/2020/08/DSC00225-1-300x199.jpg 300w, https://neuspalou.com/wp-content/uploads/2020/08/DSC00225-1-768x511.jpg 768w, https://neuspalou.com/wp-content/uploads/2020/08/DSC00225-1.jpg 1167w" sizes="(max-width: 1024px) 100vw, 1024px" /></a></figure></li><li class="blocks-gallery-item"><figure><a href="http://neuspalou.com/wp-content/uploads/2020/08/DSC00220-1.jpg"><img loading="lazy" width="1024" height="863" src="http://neuspalou.com/wp-content/uploads/2020/08/DSC00220-1-1024x863.jpg" alt="" data-id="316" data-full-url="http://neuspalou.com/wp-content/uploads/2020/08/DSC00220-1.jpg" data-link="http://neuspalou.com/index.php/quienes-somos/dsc00220-1/" class="wp-image-316" srcset="https://neuspalou.com/wp-content/uploads/2020/08/DSC00220-1-1024x863.jpg 1024w, https://neuspalou.com/wp-content/uploads/2020/08/DSC00220-1-300x253.jpg 300w, https://neuspalou.com/wp-content/uploads/2020/08/DSC00220-1-768x647.jpg 768w, https://neuspalou.com/wp-content/uploads/2020/08/DSC00220-1.jpg 1450w" sizes="(max-width: 1024px) 100vw, 1024px" /></a></figure></li><li class="blocks-gallery-item"><figure><a href="http://neuspalou.com/wp-content/uploads/2020/08/minibanner_emblematics.jpg"><img loading="lazy" width="600" height="600" src="http://neuspalou.com/wp-content/uploads/2020/08/minibanner_emblematics.jpg" alt="Comerç Emblemàtic" data-id="313" data-full-url="http://neuspalou.com/wp-content/uploads/2020/08/minibanner_emblematics.jpg" data-link="http://neuspalou.com/minibanner_emblematics/" class="wp-image-313" srcset="https://neuspalou.com/wp-content/uploads/2020/08/minibanner_emblematics.jpg 600w, https://neuspalou.com/wp-content/uploads/2020/08/minibanner_emblematics-300x300.jpg 300w, https://neuspalou.com/wp-content/uploads/2020/08/minibanner_emblematics-150x150.jpg 150w" sizes="(max-width: 600px) 100vw, 600px" /></a></figure></li></ul></figure>

<p>Los orígenes de Calzados Neus Palou se remontan al año 1947, cuando Felip Palou Rosselló inauguró la tienda de zapatos donde hoy en día se&hellip;</p>
